746 - -33963. Is k prime?
True
Is 36/27*(17895/12 + -1) a composite number?
False
Let y(w) = -w**3 + 9*w**2 - 7*w - 8. Let b be y(8). Let k = -47 + 59. Suppose k*l - 14*l + 422 = b. Is l a composite number?
False
Let l = 43337 - 19272. Is l composite?
True
Let b = 10 + -3. Suppose b*r - 708 = 1343. Is r a composite number?
False
Suppose 0 = 2*a + 4*u + 24, -3*a - 2*a - 5*u - 45 = 0. Let p = a + 16. Suppose -p*q + 15*q = 1535. Is q composite?
False
Let v be 4/(-12)*0*-1. Suppose c + 1 = -v. Let o(y) = -17*y + 2. Is o(c) a composite number?
False
Let g(s) = 1136*s + 3. Is g(4) a composite number?
False
Let v(t) = -t - 2. Let p be v(-4). Suppose -5*j = 5, -s + p*j = -144 - 337. Is s a prime number?
True
Let s = 186 - 271. Let q = -113 + 685. Let b = q + s. Is b composite?
False
Suppose 0 = -b - 2*b - 42. Is 375 + (b - -2)/3 composite?
True
Let n be (2*3/(-12) + 11)*2. Is 2/4*26502/n a prime number?
True
Let k = -38 + 44. Let z(i) = 121*i - 1. Let h be z(k). Suppose -2*p - h = -u, -1839 = -4*u - p + 1097. Is u composite?
False
Is 2/6*346*(-426)/(-4) composite?
True
Let i(p) = -47*p**3 + 4*p**2 - 7*p + 7. Let b(m) = 70*m**3 - 6*m**2 + 10*m - 10. Let x(j) = 5*b(j) + 7*i(j). Is x(3) prime?
False
Suppose -5*t = -0*t. Suppose t = -r + 2*r. Suppose r = q + 3*k - 234, -3*q + 3*k + 1011 = q. Is q composite?
True
Let f = 26 - 33. Is (-3429)/(-21) - (-2)/f prime?
True
Let r(o) = -o - 2. Let h be r(-5). Let w be (32/12)/2*h. Suppose 0 = -w*k + 8, -k - 1255 = -4*n + n. Is n prime?
True
Let m be (-1)/3 + 176/6. Let k be 63*(m + (-20)/5). Suppose 926 = 3*d - 5*j, 0 = -d + 6*d - 2*j - k. Is d a composite number?
False
Let i = -101 + 71. Is (-20500)/i + (-2)/6 a composite number?
False
Let p(l) = -43*l**3 + 4*l**2 + 4*l + 3. Let y be p(-2). Suppose 3*z - 2*z = y. Is z a prime number?
False
Suppose 595 = -219*r + 224*r. Is r composite?
True
Let k be -3 + 1/(-4)*-2*10. Is (844*(-1)/k)/((-4)/2) composite?
False
Let z = -317 - -632. Suppose 5*v = u - z, 3*v = 2*u - v - 654. Is u a prime number?
False
Suppose 3*h = -4*b + 24649, -4*b - 81*h + 76*h + 24647 = 0. Is b a prime number?
True
Let r = 196 + 711. Is r prime?
True
Let p be 10/6 - (-4)/12. Suppose 0 = -p*v + 3*t + 1009, 2*t + 2550 = 2*v + 3*v. Suppose k - 131 = -u - u, -2*u + v = 4*k. Is k a prime number?
True
Let o = -123 + 21. Let m = 397 + o. Is m a prime number?
False
Suppose 113595 = 3*c - 6*x + 5*x, c + 3*x - 37865 = 0. Is c a prime number?
False
Let n(k) = 323 + 584 + 84 - 8*k + k. Is n(0) prime?
True
Suppose 5*n - 36 = -2*g, 3*g - 4*n + 6 = 14. Is (-1)/g + 4196/32 prime?
True
Suppose 4*a - 8 = 3*s, 12 = 5*a - 4*s + 3. Suppose -a*j - 8*j + 4199 = 0. Is j prime?
False
Let a(t) = -3 - 17*t - 3 - 14*t + 0. Is a(-4) prime?
False
Let n(l) = 65*l**3 + 2*l**2 + l - 4. Is n(2) a prime number?
False
Suppose 3*z = 3*h + h + 13699, 0 = 4*z - 3*h - 18256. Is z a prime number?
True
Let t = -13 + -8. Is -1 - -1 - (-1138 - t) composite?
False
Let t be (-1)/8 + 1474/16. Suppose -3*w + 7*w = t. Is w composite?
False
Let b be 1 + 3/(-4) + 21/(-84). Suppose b = 5*j + 10, j + 2*j + 931 = 5*l. Is l composite?
True
Let x(u) = -4*u - 37. Let s be x(-9). Is 2 - (-1512)/(s + 3) composite?
True
Suppose n = 3*u + 6*n - 9544, u - 2*n = 3163. Is u composite?
True
Let l(j) = j**3 - 10*j**2 + 10*j - 21. Let c be l(9). Let a be -5*c*5/25. Let f = 31 - a. Is f a composite number?
False
Let n(q) = -q**2 - 4*q - 12. Let f be n(-5). Let b(t) = t**3 + 18*t**2 + 18*t + 20. Let u be b(f). Let l(w) = 11*w**2 - 3*w - 3. Is l(u) a prime number?
False
Let u = -608 + 753. Is u a composite number?
True
Suppose 2500 = 3*i - 0*i - 2*t, 6 = -3*t. Suppose 265 = a - i. Is a composite?
False
Suppose -22860 = 5*p + 3*k, 4*k - 22860 = 5*p - 0*k. Is (2/(-6))/(6/p) a composite number?
True
Let k = 189 + -163. Is 9033/6 + 39/k prime?
False
Suppose 0 = -8*c + 100076 + 59660. Is c a prime number?
False
Let l(s) = 171*s**2 - 2*s + 1. Let v be l(1). Let j be (v/(-25))/(1/(-10)). Suppose 4*p - 2*p = -2*m + j, 0 = p + 2*m - 31. Is p prime?
True
Suppose -13*j + 9972 = -12583. Is j a composite number?
True
Let c(x) = x**3 - 22*x**2 + 28*x - 22. Let u be c(21). Let g = 1086 - u. Is g prime?
False
Let z = 2 + 1. Suppose -z*d = -0*o - o - 10, -2*d - 5*o = -18. Suppose d*q - 402 - 226 = 0. Is q a composite number?
False
Let s(n) = 2*n + 26. Let t be s(-11). Suppose -3*o = -2*x - 563, -3*o - t*x + 548 = -9*x. Is o a composite number?
False
Is 722760/27 - (-5)/45 composite?
True
Let b = 1429 - -718. Is b a composite number?
True
Suppose 4*r - 136 = 80. Let m be 2/(-7) + r/42. Is 2*-211*m/(-2) a prime number?
True
Let c = 245 - 46. Is c prime?
True
Let n be -5*3/(60/16). Let t be (18 - n) + 2 + 0. Let g = -2 + t. Is g a prime number?
False
Suppose 0 = 12*x - 15*x + 2*t + 44287, 2*x + 2*t = 29508. Is x a composite number?
False
Suppose -970 = -2*v - v + 2*t, -974 = -3*v + t. Let c = v - -561. Is c a composite number?
False
Let z(n) = -n**2 - 8*n + 11. Let p be z(-9). Suppose -p*a + a = 1. Is -87*(a + (-2)/(-6)) a prime number?
False
Suppose -349787 = -13*r + 250436. Is r a composite number?
False
Suppose -2*p - 2428 = -2*c - 5*p, c = 4*p + 1214. Suppose -3*a - 1359 = 3*g, -5*a = -3*g - 1198 + 3447. Let n = a + c. Is n prime?
False
Suppose p + u + 363 = 0, -p = p + 5*u + 720. Let r = -514 - p. Let h = 60 - r. Is h a prime number?
False
Let w = 4 + -4. Suppose 0 = -3*f - w*f + 12. Suppose 0 = -f*n + 77 + 295. Is n prime?
False
Suppose 30*g - 27*g - 71577 = -3*w, 0 = -4*w - 5*g + 95438. Is w composite?
False
Let n(t) = 143*t**3 - 3*t**2 - 2*t + 1. Let i(a) = -142*a**3 + 4*a**2 + 3*a - 1. Let q(l) = -2*i(l) - 3*n(l). Is q(-1) a composite number?
True
Let r(b) = -b - 6. Let q be r(-6). Suppose q*n = n - 1061. Is n a prime number?
True
Let d = 27 + -27. Suppose u + u - 78 = -4*x, d = -5*x - u + 105. Is x a composite number?
True
Let g(j) = 18*j**2 - 2*j + 7. Let a be g(6). Suppose 0*i - 2*w = 3*i - a, -w - 417 = -2*i. Is i a prime number?
True
Let s = 14093 - 2854. Is s prime?
True
Let p(k) = -k**3 + 20*k**2 - 12*k - 8. Let w be p(16). Suppose -7*u + 9175 - w = 0. Is u a composite number?
False
Suppose -33*p = -11610 - 24492. Is p a prime number?
False
Suppose -29*v = -1789359 + 239512. Is v composite?
True
Suppose -2*h = 3*g + 2, 6 = 4*h + 2*g - g. Suppose 4*k = 2*s + 818, -465 = -h*k - 5*s - 74. Is k prime?
False
Let f = 61 + -66. Is (-3 - 17/f) + (-8589)/(-15) a composite number?
True
Suppose -22*w = 4*w - 23114. Is w a composite number?
True
Let l(c) = -174*c**3 + c**2 - c + 1. Let d be l(-2). Let w = 2320 - d. Is w prime?
False
Suppose 5*l = -y + 1766, 5*y + 348 = -11*l + 12*l. Is l a composite number?
False
Is (8/12)/(7*(-4)/(-57162)) prime?
True
Let j = 1406 - -1031. Is j prime?
True
Suppose 0 = -2*o - 5*g - 18, -3*o - 6 - 11 = 5*g. Let v(h) = 80*h. Let n be v(o). Suppose z = 77 + n. Is z a prime number?
True
Let m = 12 + -16. Let c(t) be the first derivative of -5*t**2 + 3*t + 10. Is c(m) a prime number?
True
Let v(g) = -9*g**3 + 5*g**2 + 9*g - 3. Is v(-8) a composite number?
True
Let x be (((-136)/3)/2)/(3/54). Let g = x + 1559. Is g a prime number?
True
Let a = 13 - 11. Let b(n) = 41*n**2 - 2*n - 2. Let q be b(a). Let t = 243 - q. Is t a composite number?
True
Let b(g) = -25*g + 2. Let w(t) = -2*t - 9. Let y be w(-5). Let f be b(y). Let c = f + 120. Is c prime?
True
Suppose -3*y = c - 13229 + 4447, 17555 = 2*c - 3*y. Is c composite?
False
Let d = 7752 - 3637. Suppose -2*i + 7*i - d = 0. Let p = i - 338. Is p a prime number?
False
Suppose 4*k = 7*k - 2985. Suppose -5*q - d + 2067 = -k, 5*d + 2467 = 4*q. Is q composite?
False
Suppose 17*u = 23*u - 597282. Is u composite?
True
Suppose 4*b + 20 = -w, -2*b + 6*b = 3*w - 20. Let d = -2 + b. Let z(u) = -u**3 - 3*u**2 + 9*u - 10. Is z(d) prime?
False
Suppose 4*q = -5*g + 13145, 5*g - 16902 = 5*q - 3712. Is g a prime number?
True
Let a = 22 + -17. Let g = -10 + 15. Suppose -3*n = -a*b - 623, 5*n + g*b = -0*n + 1065. Is n prime?
True
Suppose 3552 = 5*z + 2*a, 0*z - z = -a - 709. Let v = 1057 - z. Is v prime?
True
Let a = 28 + -25. Let i(o) = 42*o**3 - 6*o**2 + 4*o + 7. Is i(a) composite?
True
Let l = -368 - -1246. Suppose -5*a + l = 223. Is a prime?
True
Let o(z) = -z**2 - 2*z + 4. Let c be o(-3). Let x be 0/((2 - c)*-2). Supp